{"id":71,"date":"2015-07-13T17:45:49","date_gmt":"2015-07-13T17:45:49","guid":{"rendered":"http:\/\/www.habilitas.ro\/?page_id=71"},"modified":"2017-10-23T08:08:25","modified_gmt":"2017-10-23T08:08:25","slug":"elmi","status":"publish","type":"page","link":"https:\/\/www.habilitas.ro\/index.php\/ro\/proiecte-incheiate\/elmi\/","title":{"rendered":"ELMI"},"content":{"rendered":"<h3 style=\"text-align: justify;\"><a href=\"http:\/\/www.habilitas.ro\/wp-content\/uploads\/2015\/07\/elmi_logo.jpg\"><img decoding=\"async\" class=\"aligncenter size-full wp-image-249\" src=\"http:\/\/www.habilitas.ro\/wp-content\/uploads\/2015\/07\/elmi_logo.jpg\" alt=\"elmi_logo\" width=\"499\" height=\"108\" srcset=\"https:\/\/www.habilitas.ro\/wp-content\/uploads\/2015\/07\/elmi_logo-300x65.jpg 300w, https:\/\/www.habilitas.ro\/wp-content\/uploads\/2015\/07\/elmi_logo.jpg 499w\" sizes=\"(max-width: 499px) 100vw, 499px\" \/><\/a><\/h3>\n<h3 style=\"text-align: justify;\">CURSURI DE FORMARE PENTRU \u00ceNGRIJITORII FAMILIALI (INFORMALI) AI PERSOANELOR V\u00c2RSTNICE \u2013 ACCESA\u0162I PLATFORMA ON-LINE ELMI \u2013 <span style=\"color: #2ecc71;\"><a style=\"color: #2ecc71;\" href=\"http:\/\/www.elmicourse.eu\/moodle\/\" target=\"_blank\">www.elmicourse.eu!<\/a><\/span><\/h3>\n<p style=\"text-align: justify;\">Site-ul proiectului: <span style=\"color: #2ecc71;\"><a style=\"color: #2ecc71;\" href=\"http:\/\/www.elmiproject.eu\/home-2\/\" target=\"_blank\">www.elmiproject.eu<\/a><\/span><\/p>\n<p style=\"text-align: justify;\">Proiectul \u201eSTIMULAREA INTEGRARII PE PIA\u0162A MUNCII A \u00ceNGRIJITORILOR FAMILIALI AI PERSOANELOR V\u00c2RSTNICE PRIN \u00ceMBUN\u0102T\u0102\u0162IREA COMPETEN\u0162ELOR\u201d &#8211; \u201dENHANCING LABOUR MARKET INTEGRATION OF ELDERLY FAMILY CARERS THROUGH SKILLS IMPROVING\u201d (ELMI) este un proiect Leonardo da Vinci Transfer de Inova\u0163ie \u015fi face parte din Programul \u00cenv\u0103\u0163are pe tot parcursul vie\u0163ii, coordonat de Asocia\u0163ia Habilitas CRFP.<\/p>\n<p style=\"text-align: justify;\">Durata proiectului ELMI este de 2 ani: 01.03.2014 \u2013 28.02.2016<\/p>\n<p style=\"text-align: justify;\">Este finan\u0163at de Comisia Europeana prin Agen\u0163ia Na\u0163ional\u0103 pentru Programe Comunitare \u00een Domeniul Educa\u0163iei \u015fi Form\u0103rii Profesionale din Rom\u00e2nia.<\/p>\n<p style=\"text-align: justify;\">Cei 7 parteneri ai proiectului provin din cinci \u0163\u0103ri: Rom\u00e2nia (Asocia\u0163ia Habilitas CRFP \u2013 coordonator, Societatea Rom\u00e2n\u0103 Alzheimer, Confedera\u0163ia Caritas Rom\u00e2nia), Italia (Anziani e Non Solo), Polonia (Universitatea din Lodz), Cehia (European Development Agency) \u015fi Austria (E.N.T.E.R.).<\/p>\n<p style=\"text-align: justify;\">CONTEXT \u015eI JUSTIFICARE<br \/>\n\u00cemb\u0103tr\u00e2nirea progresiv\u0103 a popula\u0163iei este o problem\u0103 cu care se confrunt\u0103 toate \u0163\u0103rile europene \u00een acest moment. Tocmai de aceea, provocarea pentru sistemele de \u00eengrijire medical\u0103 \u015fi social\u0103 va fi uria\u015f\u0103, iar munca \u00eengrijitorilor informali ca furnizori principali de \u00eengrijire va r\u0103m\u00e2ne crucial\u0103 sau va deveni chiar mai important\u0103. Din pacate, criza financiar\u0103 a condus la reducerea num\u0103rului local de \u00eengrijitori. Din acest motiv, Comisia European\u0103 recomand\u0103 \u00een Raportul asupra \u00cemb\u0103tr\u00e2nirii Popula\u0163iei, \u00eendreptarea aten\u0163iei asupra familiei, astfel \u00eenc\u00e2t \u00eengrijirea s\u0103 vin\u0103 din interiorul acestea, nu din exterior, lucru care ar face ca \u00eengrijirea informal\u0103 s\u0103 devin\u0103 o resurs\u0103 valoroasa pe pia\u0163a muncii.<br \/>\nRom\u00e2nia, Polonia \u015fi Cehia sunt trei dintre \u0163\u0103rile europene \u00een care \u00eengrijirea persoanelor v\u00e2rstnice se bazeaz\u0103 cel mai mult pe familie. De aceea, proiectul ELMI are \u00een vedere dou\u0103 scopuri: transferul din Italia c\u0103tre Rom\u00e2nia a unui curs de formare de tip e-learning pentru \u00eengrijitorii informali \u015fi analiza unui poten\u0163ial transfer al cursului c\u0103tre Polonia \u015fi Cehia.<br \/>\nProiectul ELMI propune \u00een acest sens un transfer al unui curs de tip e-learning pentru \u00eengrijitorii informali din Italia \u00een Rom\u00e2nia, \u015fi analiza unui poten\u0163ial transfer al cursului \u00een Polonia \u015fi Cehia, ajut\u00e2ndu-i \u00een rolul lor de \u00eengrijire \u015fi oferindu-le noi competen\u0163e pentru a reintra pe pia\u0163a muncii. Mai mult, formarea parcurs\u0103 \u00een Romania va fi recunoscut\u0103 \u00een Italia \u00een cadrul unui Memorandum de \u00cen\u0163elegere ECVET ceea ce va sus\u0163ine mobilitatea \u00eengrijitorilor califica\u0163i. Proiectul ELMI \u00ee\u015fi propune de asemenea s\u0103 dezvolte o strategie pentru a sus\u0163ine tranzi\u0163ia de la \u00eengrijirea informal\u0103 la cea formal\u0103 pentru fo\u015ftii ingrijitori.<\/p>\n<p style=\"text-align: justify;\">OBIECTIVE:<\/p>\n<p style=\"text-align: justify; padding-left: 30px;\">&#8211; Transferul \u00een Rom\u00e2nia a unui curs de tip e-learning pentru \u00eengrijitorii informali (familiali) ai persoanelor v\u00e2rstnice, curs dezvoltat \u015fi utilizat deja \u00een Italia<\/p>\n<p style=\"text-align: justify; padding-left: 30px;\">&#8211; Dezvoltarea unei strategii pentru a sus\u0163ine tranzi\u0163ia de la \u00eengrijirea informal\u0103 la cea formal\u0103 pentru fo\u015ftii \u00eengrijitori<\/p>\n<p style=\"text-align: justify; padding-left: 30px;\">&#8211; Semnarea unui Memorandum de \u00cen\u0163elegere ECVET pentru a sus\u0163ine mobilitatea \u00eengrijitorilor formali<\/p>\n<p style=\"text-align: justify; padding-left: 30px;\">&#8211; Analiza transferabilit\u0103\u0163ii instrumentului de formare on-line \u015fi a \u00eentregii strategii c\u0103tre Polonia \u015fi Cehia<\/p>\n<p style=\"text-align: justify;\">REZULTATE:<\/p>\n<p style=\"text-align: justify; padding-left: 30px;\"><strong>&#8211; Curs on-line pentru \u00eengrijitorii informali (familiali) ai persoanelor v\u00e2rstnice \u2013 <span style=\"color: #2ecc71;\"><a style=\"color: #2ecc71;\" href=\"http:\/\/www.elmicourse.eu\/moodle\/\" target=\"_blank\">www.elmicourse.eu<\/a><\/span><\/strong>, cu focus pe \u00eengrijirea persoanelor diagnosticate cu demen\u0163\u0103 Alzheimer. Cursul va avea ca obiectiv dob\u00e2ndirea de competen\u0163e \u00een domeniul \u00eengrijirii v\u00e2rstnicilor de catre \u00eengrijitorii informali, at\u00e2t pentru a le permite \u00eengrijitorilor s\u0103 fac\u0103 fata mai bine provocarilor acestui rol cat si pentru profesionalizarea lor ulterioara si integrarea pe pia\u0163a muncii. Temele tratate privesc \u00eengrijirea persoanei v\u00e2rstnice (hr\u0103nire, comunicare etc.), problemele generate de cele mai \u00eentalnite boli (cu focus special pe demen\u0163\u0103 Alzheimer), prevenirea stresului, suportul serviciilor sociale. Cursul, care \u00een versiunea italian\u0103 initial\u0103 are 18 unit\u0103\u0163i didactice (60 de ore) va fi adaptat pentru Rom\u00e2nia \u00een variant\u0103 completa, \u015fi de asemenea vor fi pilotate 2 module \u00een Polonia \u015fi Cehia<\/p>\n<p style=\"text-align: justify; padding-left: 30px;\"><strong>&#8211; Platforma on-line de resurse<\/strong> pentru \u00eengrijitorii informali ai v\u00e2rstnicilor din Rom\u00e2nia, cu focus pe demen\u0163a Alzheimer.<\/p>\n<p style=\"text-align: justify; padding-left: 30px;\"><strong>&#8211; Ghid pentru \u00eengrijitorii informali<\/strong> ai persoanelor v\u00e2rstnice \u00een ceea ce prive\u015fte procesul de \u00eengrijire, \u015fi care va prezenta totodat\u0103 avantajele programului de formare \u00een vederea ob\u0163inerii reinser\u0163iei profesionale.<\/p>\n<p style=\"text-align: justify; padding-left: 30px;\"><strong>&#8211; Concept-paper pentru strategia integr\u0103rii pe pia\u0163a muncii a fo\u015ftilor \u00eengrijitori informali<\/strong> ce doresc s\u0103 devin\u0103 \u00eengrijitori profesioni\u015fti, strategie care va fi prezentat\u0103 autorit\u0103\u0163ilor \u00een cadrul unei mese rotunde.<\/p>\n\n\t\t<style type=\"text\/css\">\n\t\t\t#gallery-1 {\n\t\t\t\tmargin: auto;\n\t\t\t}\n\t\t\t#gallery-1 .gallery-item {\n\t\t\t\tfloat: left;\n\t\t\t\tmargin-top: 10px;\n\t\t\t\ttext-align: center;\n\t\t\t\twidth: 25%;\n\t\t\t}\n\t\t\t#gallery-1 img {\n\t\t\t\tborder: 2px solid #cfcfcf;\n\t\t\t}\n\t\t\t#gallery-1 .gallery-caption {\n\t\t\t\tmargin-left: 0;\n\t\t\t}\n\t\t\t\/* see gallery_shortcode() in wp-includes\/media.php *\/\n\t\t<\/style>\n\t\t<div id='gallery-1' class='gallery galleryid-71 gallery-columns-4 gallery-size-thumbnail'><dl class='gallery-item'>\n\t\t\t<dt class='gallery-icon landscape'>\n\t\t\t\t<a data-rel=\"iLightbox[postimages]\" data-title=\"DSC00091\" data-caption=\"\" href='https:\/\/www.habilitas.ro\/wp-content\/uploads\/2015\/08\/DSC00091.jpg'><img decoding=\"async\" width=\"150\" height=\"150\" src=\"https:\/\/www.habilitas.ro\/wp-content\/uploads\/2015\/08\/DSC00091-150x150.jpg\" class=\"attachment-thumbnail size-thumbnail\" alt=\"\" \/><\/a>\n\t\t\t<\/dt><\/dl><dl class='gallery-item'>\n\t\t\t<dt class='gallery-icon landscape'>\n\t\t\t\t<a data-rel=\"iLightbox[postimages]\" data-title=\"DSC00093\" data-caption=\"\" href='https:\/\/www.habilitas.ro\/wp-content\/uploads\/2015\/08\/DSC00093.jpg'><img decoding=\"async\" width=\"150\" height=\"150\" src=\"https:\/\/www.habilitas.ro\/wp-content\/uploads\/2015\/08\/DSC00093-150x150.jpg\" class=\"attachment-thumbnail size-thumbnail\" alt=\"\" \/><\/a>\n\t\t\t<\/dt><\/dl><dl class='gallery-item'>\n\t\t\t<dt class='gallery-icon landscape'>\n\t\t\t\t<a data-rel=\"iLightbox[postimages]\" data-title=\"DSC00095\" data-caption=\"\" href='https:\/\/www.habilitas.ro\/wp-content\/uploads\/2015\/08\/DSC00095.jpg'><img decoding=\"async\" width=\"150\" height=\"150\" src=\"https:\/\/www.habilitas.ro\/wp-content\/uploads\/2015\/08\/DSC00095-150x150.jpg\" class=\"attachment-thumbnail size-thumbnail\" alt=\"\" \/><\/a>\n\t\t\t<\/dt><\/dl><dl class='gallery-item'>\n\t\t\t<dt class='gallery-icon landscape'>\n\t\t\t\t<a data-rel=\"iLightbox[postimages]\" data-title=\"DSC00097\" data-caption=\"\" href='https:\/\/www.habilitas.ro\/wp-content\/uploads\/2015\/08\/DSC00097.jpg'><img decoding=\"async\" width=\"150\" height=\"150\" src=\"https:\/\/www.habilitas.ro\/wp-content\/uploads\/2015\/08\/DSC00097-150x150.jpg\" class=\"attachment-thumbnail size-thumbnail\" alt=\"\" \/><\/a>\n\t\t\t<\/dt><\/dl><br style=\"clear: both\" \/><dl class='gallery-item'>\n\t\t\t<dt class='gallery-icon landscape'>\n\t\t\t\t<a data-rel=\"iLightbox[postimages]\" data-title=\"DSC00099\" data-caption=\"\" href='https:\/\/www.habilitas.ro\/wp-content\/uploads\/2015\/08\/DSC00099.jpg'><img decoding=\"async\" width=\"150\" height=\"150\" src=\"https:\/\/www.habilitas.ro\/wp-content\/uploads\/2015\/08\/DSC00099-150x150.jpg\" class=\"attachment-thumbnail size-thumbnail\" alt=\"\" \/><\/a>\n\t\t\t<\/dt><\/dl><dl class='gallery-item'>\n\t\t\t<dt class='gallery-icon landscape'>\n\t\t\t\t<a data-rel=\"iLightbox[postimages]\" data-title=\"DSC00105\" data-caption=\"\" href='https:\/\/www.habilitas.ro\/wp-content\/uploads\/2015\/08\/DSC00105.jpg'><img decoding=\"async\" width=\"150\" height=\"150\" src=\"https:\/\/www.habilitas.ro\/wp-content\/uploads\/2015\/08\/DSC00105-150x150.jpg\" class=\"attachment-thumbnail size-thumbnail\" alt=\"\" \/><\/a>\n\t\t\t<\/dt><\/dl><dl class='gallery-item'>\n\t\t\t<dt class='gallery-icon landscape'>\n\t\t\t\t<a data-rel=\"iLightbox[postimages]\" data-title=\"DSC00106\" data-caption=\"\" href='https:\/\/www.habilitas.ro\/wp-content\/uploads\/2015\/08\/DSC00106.jpg'><img decoding=\"async\" width=\"150\" height=\"150\" src=\"https:\/\/www.habilitas.ro\/wp-content\/uploads\/2015\/08\/DSC00106-150x150.jpg\" class=\"attachment-thumbnail size-thumbnail\" alt=\"\" \/><\/a>\n\t\t\t<\/dt><\/dl><dl class='gallery-item'>\n\t\t\t<dt class='gallery-icon landscape'>\n\t\t\t\t<a data-rel=\"iLightbox[postimages]\" data-title=\"DSC00108\" data-caption=\"\" href='https:\/\/www.habilitas.ro\/wp-content\/uploads\/2015\/08\/DSC00108.jpg'><img decoding=\"async\" width=\"150\" height=\"150\" src=\"https:\/\/www.habilitas.ro\/wp-content\/uploads\/2015\/08\/DSC00108-150x150.jpg\" class=\"attachment-thumbnail size-thumbnail\" alt=\"\" \/><\/a>\n\t\t\t<\/dt><\/dl><br style=\"clear: both\" \/><dl class='gallery-item'>\n\t\t\t<dt class='gallery-icon landscape'>\n\t\t\t\t<a data-rel=\"iLightbox[postimages]\" data-title=\"DSC00109\" data-caption=\"\" href='https:\/\/www.habilitas.ro\/wp-content\/uploads\/2015\/08\/DSC00109.jpg'><img decoding=\"async\" width=\"150\" height=\"150\" src=\"https:\/\/www.habilitas.ro\/wp-content\/uploads\/2015\/08\/DSC00109-150x150.jpg\" class=\"attachment-thumbnail size-thumbnail\" alt=\"\" \/><\/a>\n\t\t\t<\/dt><\/dl><dl class='gallery-item'>\n\t\t\t<dt class='gallery-icon landscape'>\n\t\t\t\t<a data-rel=\"iLightbox[postimages]\" data-title=\"DSC00110\" data-caption=\"\" href='https:\/\/www.habilitas.ro\/wp-content\/uploads\/2015\/08\/DSC00110.jpg'><img decoding=\"async\" width=\"150\" height=\"150\" src=\"https:\/\/www.habilitas.ro\/wp-content\/uploads\/2015\/08\/DSC00110-150x150.jpg\" class=\"attachment-thumbnail size-thumbnail\" alt=\"\" \/><\/a>\n\t\t\t<\/dt><\/dl><dl class='gallery-item'>\n\t\t\t<dt class='gallery-icon landscape'>\n\t\t\t\t<a data-rel=\"iLightbox[postimages]\" data-title=\"DSC00111\" data-caption=\"\" href='https:\/\/www.habilitas.ro\/wp-content\/uploads\/2015\/08\/DSC00111.jpg'><img decoding=\"async\" width=\"150\" height=\"150\" src=\"https:\/\/www.habilitas.ro\/wp-content\/uploads\/2015\/08\/DSC00111-150x150.jpg\" class=\"attachment-thumbnail size-thumbnail\" alt=\"\" \/><\/a>\n\t\t\t<\/dt><\/dl><dl class='gallery-item'>\n\t\t\t<dt class='gallery-icon landscape'>\n\t\t\t\t<a data-rel=\"iLightbox[postimages]\" data-title=\"DSC00113\" data-caption=\"\" href='https:\/\/www.habilitas.ro\/wp-content\/uploads\/2015\/08\/DSC00113.jpg'><img decoding=\"async\" width=\"150\" height=\"150\" src=\"https:\/\/www.habilitas.ro\/wp-content\/uploads\/2015\/08\/DSC00113-150x150.jpg\" class=\"attachment-thumbnail size-thumbnail\" alt=\"\" \/><\/a>\n\t\t\t<\/dt><\/dl><br style=\"clear: both\" \/>\n\t\t<\/div>\n\n","protected":false},"excerpt":{"rendered":"<p>CURSURI DE FORMARE PENTRU \u00ceNGRIJITORII FAMILIALI (INFORMALI) AI PERSOANELOR V\u00c2RSTNICE  [&#8230;]<\/p>\n","protected":false},"author":1,"featured_media":0,"parent":29,"menu_order":0,"comment_status":"open","ping_status":"open","template":"","meta":{"_monsterinsights_skip_tracking":false,"_monsterinsights_sitenote_active":false,"_monsterinsights_sitenote_note":"","_monsterinsights_sitenote_category":0,"footnotes":""},"class_list":["post-71","page","type-page","status-publish","hentry"],"_links":{"self":[{"href":"https:\/\/www.habilitas.ro\/index.php\/wp-json\/wp\/v2\/pages\/71","targetHints":{"allow":["GET"]}}],"collection":[{"href":"https:\/\/www.habilitas.ro\/index.php\/wp-json\/wp\/v2\/pages"}],"about":[{"href":"https:\/\/www.habilitas.ro\/index.php\/wp-json\/wp\/v2\/types\/page"}],"author":[{"embeddable":true,"href":"https:\/\/www.habilitas.ro\/index.php\/wp-json\/wp\/v2\/users\/1"}],"replies":[{"embeddable":true,"href":"https:\/\/www.habilitas.ro\/index.php\/wp-json\/wp\/v2\/comments?post=71"}],"version-history":[{"count":19,"href":"https:\/\/www.habilitas.ro\/index.php\/wp-json\/wp\/v2\/pages\/71\/revisions"}],"predecessor-version":[{"id":479,"href":"https:\/\/www.habilitas.ro\/index.php\/wp-json\/wp\/v2\/pages\/71\/revisions\/479"}],"up":[{"embeddable":true,"href":"https:\/\/www.habilitas.ro\/index.php\/wp-json\/wp\/v2\/pages\/29"}],"wp:attachment":[{"href":"https:\/\/www.habilitas.ro\/index.php\/wp-json\/wp\/v2\/media?parent=71"}],"curies":[{"name":"wp","href":"https:\/\/api.w.org\/{rel}","templated":true}]}}