{"id":23,"date":"2015-07-09T20:04:32","date_gmt":"2015-07-09T20:04:32","guid":{"rendered":"http:\/\/www.habilitas.ro\/?page_id=23"},"modified":"2024-05-07T07:23:21","modified_gmt":"2024-05-07T07:23:21","slug":"despre-noi","status":"publish","type":"page","link":"https:\/\/www.habilitas.ro\/index.php\/ro\/despre-noi\/","title":{"rendered":"Despre noi"},"content":{"rendered":"<p style=\"text-align: justify;\">Asocia\u0163ia Habilitas &#8211; CRFP este o organiza\u0163ie non-guvernamental\u0103 care i\u015fi propune ca misiune dezvoltarea de proiecte \u015fi programe \u00een domeniul \u00eemb\u0103tr\u00e2nirii \u015fi al educa\u0163iei continue, dezvoltarea de servicii pentru persoanele v\u00e2rstnice din Rom\u00e2nia \u015fi de activit\u0103\u0163i \u00een domeniul economiei sociale, precum \u015fi \u00eembun\u0103t\u0103\u0163irea politicilor publice \u00een domeniul social. Tot ceea ce facem este caracterizat de valori ca profesionalism, dezvoltare, inova\u0163ie, cooperare, calitate, \u00eencredere, formare continu\u0103.<\/p>\n<p style=\"text-align: justify;\">Asocia\u0163ia Habilitas &#8211; CRFP colaboreaz\u0103 cu alte ONG-uri la nivel na\u0163ional \u015fi european, cu asocia\u0163ii care reprezint\u0103 drepturile persoanelor v\u00e2rstnice, cu autorit\u0103\u0163i publice locale \u015fi centrale \u015fi are ca obiectiv s\u0103 devin\u0103 un factor real de schimbare \u015fi inovare \u00een domeniul \u00eemb\u0103tr\u00e2nirii \u015fi \u00eembun\u0103t\u0103\u0163irii calit\u0103\u0163ii vie\u0163ii seniorilor din Rom\u00e2nia.<\/p>\n","protected":false},"excerpt":{"rendered":"<p>Asocia\u0163ia Habilitas &#8211; CRFP este o organiza\u0163ie non-guvernamental\u0103 care i\u015fi  [&#8230;]<\/p>\n","protected":false},"author":1,"featured_media":0,"parent":0,"menu_order":0,"comment_status":"open","ping_status":"open","template":"","meta":{"_monsterinsights_skip_tracking":false,"_monsterinsights_sitenote_active":false,"_monsterinsights_sitenote_note":"","_monsterinsights_sitenote_category":0,"footnotes":""},"class_list":["post-23","page","type-page","status-publish","hentry"],"_links":{"self":[{"href":"https:\/\/www.habilitas.ro\/index.php\/wp-json\/wp\/v2\/pages\/23","targetHints":{"allow":["GET"]}}],"collection":[{"href":"https:\/\/www.habilitas.ro\/index.php\/wp-json\/wp\/v2\/pages"}],"about":[{"href":"https:\/\/www.habilitas.ro\/index.php\/wp-json\/wp\/v2\/types\/page"}],"author":[{"embeddable":true,"href":"https:\/\/www.habilitas.ro\/index.php\/wp-json\/wp\/v2\/users\/1"}],"replies":[{"embeddable":true,"href":"https:\/\/www.habilitas.ro\/index.php\/wp-json\/wp\/v2\/comments?post=23"}],"version-history":[{"count":6,"href":"https:\/\/www.habilitas.ro\/index.php\/wp-json\/wp\/v2\/pages\/23\/revisions"}],"predecessor-version":[{"id":3181,"href":"https:\/\/www.habilitas.ro\/index.php\/wp-json\/wp\/v2\/pages\/23\/revisions\/3181"}],"wp:attachment":[{"href":"https:\/\/www.habilitas.ro\/index.php\/wp-json\/wp\/v2\/media?parent=23"}],"curies":[{"name":"wp","href":"https:\/\/api.w.org\/{rel}","templated":true}]}}