{"id":2008,"date":"2022-12-12T06:48:37","date_gmt":"2022-12-12T06:48:37","guid":{"rendered":"https:\/\/www.habilitas.ro\/?page_id=2008"},"modified":"2022-12-12T07:11:39","modified_gmt":"2022-12-12T07:11:39","slug":"proiectul-sound","status":"publish","type":"page","link":"https:\/\/www.habilitas.ro\/index.php\/ro\/proiectul-sound\/","title":{"rendered":"Proiectul SOUND"},"content":{"rendered":"<div class=\"wp-block-image\">\n<figure class=\"alignleft size-full\"><a href=\"https:\/\/www.habilitas.ro\/wp-content\/uploads\/2022\/12\/SOUND-2.jpg\"><img decoding=\"async\" width=\"250\" height=\"110\" src=\"https:\/\/www.habilitas.ro\/wp-content\/uploads\/2022\/12\/SOUND-2.jpg\" alt=\"\" class=\"wp-image-2023\"\/><\/a><\/figure><\/div>\n\n\n<figure class=\"wp-block-image size-full\"><a href=\"https:\/\/www.habilitas.ro\/wp-content\/uploads\/2022\/12\/EU_Erasmus-3.jpg\"><img decoding=\"async\" width=\"226\" height=\"85\" src=\"https:\/\/www.habilitas.ro\/wp-content\/uploads\/2022\/12\/EU_Erasmus-3.jpg\" alt=\"\" class=\"wp-image-2027\"\/><\/a><\/figure>\n\n\n\n<p><\/p>\n\n\n\n<p><\/p>\n\n\n\n<p>SOUND &#8211; Training social and health care professionals in music-based therapeutic interventions to support older people with Dementia<\/p>\n\n\n\n<p>Proiect ERASMUS+ Nr. 2021-1-IT-02-KA220-ADU-000033494<\/p>\n\n\n\n<p><strong>Despre proiect<\/strong><\/p>\n\n\n\n<p>Proiectul SOUND (<em>Training social and health care professionals in music-based therapeutic interventions to support older people with Dementia<\/em>) a fost lansat \u00een Februarie 2022 sub coordonarea IRCCS\/INRCA (Italia). Va avea o durat\u0103 de 28 de luni.<\/p>\n\n\n\n<p><strong>Partenerii proiectului sunt:<\/strong><\/p>\n\n\n\n<p>&#8211; Asociatia Habilitas (Romania)<\/p>\n\n\n\n<p>&#8211; Scoala de Pian (Romania)<\/p>\n\n\n\n<p>&#8211; Eurocarers (Belgia)<\/p>\n\n\n\n<p>&#8211; Asocia\u00e7\u00e3o \u2013 Sons do Estamin\u00e9 (Portugalia)<\/p>\n\n\n\n<p>&#8211; ACMO (Italia)<\/p>\n\n\n\n<p>&#8211; Anziani e Non Solo Societa Cooperativa (Italia)<\/p>\n\n\n\n<p><strong>Obiectivele proiectului<\/strong><\/p>\n\n\n\n<p>&#8211; SOUND \u00ee\u0219i propune s\u0103 dezvolte un curriculum de formare a activit\u0103\u021bilor pasive \u0219i active de crea\u021bie muzical\u0103 pentru profesioni\u0219tii din domeniul social \u0219i medical \u0219i \u00eengrijitorii informali activi \u00een domeniul demen\u021bei.<\/p>\n\n\n\n<p>&#8211; De asemenea, \u00eencearc\u0103 s\u0103 produc\u0103 o interven\u021bie nonfarmacologic\u0103 original\u0103, bazat\u0103 pe muzic\u0103, pentru a \u00eembun\u0103t\u0103\u021bi comportamentul, starea de spirit \u0219i calitatea vie\u021bii&nbsp;persoanelor \u00een v\u00e2rst\u0103 cu demen\u021b\u0103 pentru a \u00eent\u00e2rzia \u00een continuare declinul func\u021biilor cognitive.<\/p>\n\n\n\n<p>&#8211; SOUND vizeaz\u0103, de asemenea, \u00eengrijitorii informali, care trebuie s\u0103 continue s\u0103 se formeze \u0219i s\u0103 dob\u00e2ndeasc\u0103 noi competen\u021be pentru a-\u0219i gestiona mai bine interac\u021biunea cu cei dragi \u00een via\u021ba de zi cu zi, precum \u0219i comunitatea mai larg\u0103.<\/p>\n\n\n\n<p><strong>PRINCIPALELE REZULTATE ALE PROIECTULUI<\/strong><\/p>\n\n\n\n<p>&#8211; Un curriculum de formare destinat profesioni\u0219tilor din domeniul s\u0103n\u0103t\u0103\u021bii \u0219i \u00eengrijitorilor informali (\u00een mare parte membri ai familiei) cu privire la utilizarea activit\u0103\u021bilor muzicale adaptate nevoilor publicului \u021bint\u0103;<\/p>\n\n\n\n<p>&#8211; Un protocol de interven\u021bie pentru v\u00e2rstnicii cu demen\u021b\u0103 \u0219i \u00eengrijitorii informali, bazat pe Activit\u0103\u021bile Cercului, care urmeaz\u0103 s\u0103 fie proiectate \u00eempreun\u0103 cu seniorii;<\/p>\n\n\n\n<p>&#8211; O platform\u0103 digital\u0103 pentru \u00eenv\u0103\u021barea prin cooperare, care s\u0103 fie utilizat\u0103 de profesioni\u0219tii din domeniul s\u0103n\u0103t\u0103\u021bii, persoanele \u00een v\u00e2rst\u0103 \u0219i \u00eengrijitorii informali;<\/p>\n\n\n\n<p>&#8211; O campanie european\u0103 de con\u0219tientizare bazat\u0103 pe activitatile muzicale desf\u0103\u0219urate \u00een timpul interven\u021biei cu participan\u021bii \u00een v\u00e2rst\u0103 \u0219i mai tineri ai \u0219colilor de muzic\u0103 implicate \u00een proiect, cu scopul de a contribui la mai multe comunit\u0103\u021bi prietenoase cu demen\u021ba.<\/p>\n\n\n\n<p><strong>ALTE REZULTATE ALE PROIECTULUI<\/strong><\/p>\n\n\n\n<p>&#8211; Un set de \u201eOrient\u0103ri \u0219i recomand\u0103ri\u201d capabile s\u0103 implementeze validarea \u0219i recunoa\u0219terea competen\u021belor non-formale dob\u00e2ndite de profesioni\u0219tii \u00een \u00eengrijire prin intermediul form\u0103rii SOUND.<\/p>\n\n\n\n<p>&#8211; O terapie non-farmacologic\u0103 pasiv\u0103 \u0219i activ\u0103, original\u0103 \u0219i cuprinz\u0103toare, adresat\u0103 persoanelor \u00een v\u00e2rst\u0103 cu demen\u021b\u0103 \u0219i adaptat\u0103 nevoilor lor de \u00eengrijire.<\/p>\n\n\n\n<p>&#8211; Un \u201eManual pentru replicarea, transferabilitatea \u0219i exploatarea metodologiei SOUND\u201d, adresat profesioni\u0219tilor din domeniul social \u0219i din domeniul s\u0103n\u0103t\u0103\u021bii.<\/p>\n\n\n\n<p>&#8211; Orient\u0103ri \u0219i un set de instrumente pentru evaluarea rezultatelor interven\u021biei SOUND cu persoane cu dementa \u0219i asupra mediului de \u00eengrijire (adic\u0103, inclusiv profesioni\u0219tii in \u00eengrijire \u0219i \u00eengrijitorii informali).<\/p>\n\n\n\n<p>&#8211; Un set de instrumente de texte, videoclipuri \u0219i spectacole live care implic\u0103 persoane cu dementa, profesioni\u0219ti \u0219i muzicieni de toate v\u00e2rstele (\u00eentr-o abordare intergenera\u021bional\u0103) \u00eentr-o campanie comun\u0103 de con\u0219tientizare pentru construirea de comunit\u0103\u021bi prietenoase cu demen\u021ba, care s\u0103 fie utilizat\u0103 at\u00e2t la nivel local, c\u00e2t \u0219i european.<\/p>\n\n\n\n<p>Site-ul proiectului SOUND: <a href=\"https:\/\/soundeuproject.eu\/\">https:\/\/soundeuproject.eu\/<\/a><\/p>\n\n\n\n<p>Contact: <a href=\"mailto:asoc.habilitas@yahoo.com\">asoc.habilitas@yahoo.com<\/a><\/p>\n","protected":false},"excerpt":{"rendered":"<p>SOUND &#8211; Training social and health care professionals in music-based  [&#8230;]<\/p>\n","protected":false},"author":1,"featured_media":0,"parent":0,"menu_order":0,"comment_status":"closed","ping_status":"closed","template":"","meta":{"_monsterinsights_skip_tracking":false,"_monsterinsights_sitenote_active":false,"_monsterinsights_sitenote_note":"","_monsterinsights_sitenote_category":0,"footnotes":""},"class_list":["post-2008","page","type-page","status-publish","hentry"],"_links":{"self":[{"href":"https:\/\/www.habilitas.ro\/index.php\/wp-json\/wp\/v2\/pages\/2008","targetHints":{"allow":["GET"]}}],"collection":[{"href":"https:\/\/www.habilitas.ro\/index.php\/wp-json\/wp\/v2\/pages"}],"about":[{"href":"https:\/\/www.habilitas.ro\/index.php\/wp-json\/wp\/v2\/types\/page"}],"author":[{"embeddable":true,"href":"https:\/\/www.habilitas.ro\/index.php\/wp-json\/wp\/v2\/users\/1"}],"replies":[{"embeddable":true,"href":"https:\/\/www.habilitas.ro\/index.php\/wp-json\/wp\/v2\/comments?post=2008"}],"version-history":[{"count":11,"href":"https:\/\/www.habilitas.ro\/index.php\/wp-json\/wp\/v2\/pages\/2008\/revisions"}],"predecessor-version":[{"id":2036,"href":"https:\/\/www.habilitas.ro\/index.php\/wp-json\/wp\/v2\/pages\/2008\/revisions\/2036"}],"wp:attachment":[{"href":"https:\/\/www.habilitas.ro\/index.php\/wp-json\/wp\/v2\/media?parent=2008"}],"curies":[{"name":"wp","href":"https:\/\/api.w.org\/{rel}","templated":true}]}}