{"id":179,"date":"2015-07-28T17:47:41","date_gmt":"2015-07-28T17:47:41","guid":{"rendered":"http:\/\/www.habilitas.ro\/?page_id=179"},"modified":"2015-08-23T08:26:24","modified_gmt":"2015-08-23T08:26:24","slug":"seniorinet","status":"publish","type":"page","link":"https:\/\/www.habilitas.ro\/index.php\/ro\/proiecte-incheiate\/seniorinet\/","title":{"rendered":"SenioriNET"},"content":{"rendered":"<h2 style=\"text-align: justify;\">&#8222;SenioriNET &#8211; Re\u0163ea ONG de servicii dedicate persoanelor v\u00e2rstnice&#8221;<\/h2>\n<p style=\"text-align: justify;\">Site proiect: <span style=\"color: #2ecc71;\"><a style=\"color: #2ecc71;\" href=\"http:\/\/www.seniorinet.ro\/\" target=\"_blank\">www.seniorinet.ro<\/a><\/span><\/p>\n<p style=\"text-align: justify;\">Proiectul \u201eSenioriNET \u2013 re\u0163ea ONG de servicii dedicate persoanelor v\u00e2rstnice\u201d este co-finan\u0163at printr-un grant din partea Elve\u0163iei prin intermediul Contribu\u0163iei Elve\u0163iene pentru Uniunea European\u0103 extins\u0103, \u00een cadrul Schemei de Grant pentru ONG-uri, Fondul Tematic pentru Participarea Societ\u0103\u0163ii Civile &#8211; Programul de Cooperare Elve\u0163iano-Roman, are o durat\u0103 de 2 ani (2013 \u2013 2015) \u015fi un buget total de 251.102,25 CHF din care 223.481,00 CHF reprezint\u0103 finan\u0163area nerambursabil\u0103.<\/p>\n<p style=\"text-align: justify;\">Proiectul &#8222;SenioriNET &#8211; Re\u0163ea ONG de servicii dedicate persoanelor v\u00e2rstnice&#8221; \u00ee\u015fi propune s\u0103 creeze prima re\u0163ea informal\u0103 la nivel na\u0163ional de organiza\u0163ii active \u00een domeniul serviciilor pentru v\u00e2rstnici, cu prec\u0103dere cele care furnizeaz\u0103 \u00eengrijiri la domiciliu. Capacitatea limitat\u0103 a ONG-urilor din domeniul serviciilor pentru v\u00e2rstnici de a coopera cu autorit\u0103\u0163ile \u015fi de populariza serviciile oferite conduce la un interes sc\u0103zut al autorit\u0103\u0163ilor de a sus\u0163ine politicile de dezvoltare a serviciilor pentru v\u00e2rstnici \u015fi implicit la accesul limitat sau inexistent la servicii pentru v\u00e2rstnici. Aceasta ini\u0163iativ\u0103 are \u00een vedere consolidarea pe termen lung a capacit\u0103\u0163ii organiza\u0163iilor neguvernamentale din sectorul social \u015fi de sustinere a particip\u0103rii lor active la \u00eembun\u0103t\u0103\u0163irea strategiilor \u015fi politicilor care asigur\u0103 un acces crescut al v\u00e2rstnicilor din Rom\u00e2nia la servicii de \u00eengrijire la domiciliu.<\/p>\n<p style=\"text-align: justify;\">Asocia\u0163ia Habilitas- CRFP este unul dintre ini\u0163iatorii acestei re\u0163ele. al\u0103turi de Confedera\u0163ia Caritas Rom\u00e2nia (coordonator), Funda\u0163ia Crucea Alb-Galben\u0103 Rom\u00e2nia, Asocia\u0163ia de Ajutor Mutual Bucure\u015fti \u015fi Asocia\u0163ia Four Change.<\/p>\n<p style=\"text-align: justify;\">Obiectivele principale ale proiectului au fost:<\/p>\n<p style=\"padding-left: 30px; text-align: justify;\">&#8211; Crearea unei re\u0163ele na\u0163ionale active format\u0103 din cel pu\u0163in 30 de ONG-uri furnizoare de servicii de \u00eengrijire la domiciliu \u015fi\/sau implicate \u00een ac\u0163iuni de adresate persoanelor v\u00e2rstnice \u015fi complementare \u00eengrijirilor la domiciliu<\/p>\n<p style=\"padding-left: 30px; text-align: justify;\">&#8211; Oferirea organiza\u0163iilor din re\u0163ea a cadrulului necesar pentru cre\u015fterea capacit\u0103\u0163ii interne<\/p>\n<p style=\"padding-left: 30px; text-align: justify;\">&#8211; Cre\u015fterea nivelul de informare \u015fi con\u015ftientizare autorit\u0103\u0163ilor publice \u015fi a cet\u0103\u0163enilor cu privire serviciile adresate v\u00e2rstnicilor din Rom\u00e2nia<\/p>\n<p style=\"padding-left: 30px; text-align: justify;\">&#8211; Facilitarea accesul persoanelor interesate de informa\u0163ii cu privire la serviciile adresate v\u00e2rstnicilor<\/p>\n<p style=\"text-align: justify;\">Printre rezultatele ob\u0163inute enumer\u0103m:<\/p>\n<p style=\"padding-left: 30px; text-align: justify;\">&#8211; O re\u0163ea na\u0163ional\u0103 format\u0103 din cel pu\u0163in 30 de ONG-uri furnizoare de servicii de \u00eengrijire la domiciliu \u015fi\/sau implicate \u00een ac\u0163iuni de adresate persoanelor v\u00e2rstnice \u015fi complementare \u00eengrijirilor la domiciliu<\/p>\n<p style=\"padding-left: 30px; text-align: justify;\">&#8211; 1 pachet informativ online care va con\u0163ine 1 website, o hart\u0103 cu serviciile la nivel na\u0163ional, 20 de newslettere online distribuite<\/p>\n<p style=\"padding-left: 30px; text-align: justify;\">&#8211; 2 sesiuni de instuire realizate \u00een domeniul lobby and advocacy<\/p>\n<p style=\"padding-left: 30px; text-align: justify;\">&#8211; Organizarea Forumului furnizorilor de servicii adresate v\u00e2rstnicilor din Rom\u00e2nia<\/p>\n<p style=\"padding-left: 30px; text-align: justify;\">&#8211; Realizarea unei campanii de advocacy<\/p>\n<p style=\"padding-left: 30px; text-align: justify;\">&#8211; Elaborarea unui document de politic\u0103 public\u0103<\/p>\n<p style=\"padding-left: 30px; text-align: justify;\">&#8211; Organizarea unei \u00eent\u00e2lniri cu deciden\u0163ii politici<\/p>\n<p style=\"padding-left: 30px; text-align: justify;\">&#8211; Organizarea de mese rotunde de dialog social<\/p>\n<p style=\"padding-left: 30px; text-align: justify;\">&#8211; Barometrul colaborarii cu autorit\u0103\u0163ile publice<\/p>\n<p style=\"padding-left: 30px; text-align: justify;\">&#8211; Elaborarea Catalogului de bune practici \u00een domeniul \u00eengrijirilor la domiciliu adresate v\u00e2rstnicilor<\/p>\n<p style=\"padding-left: 30px; text-align: justify;\">&#8211; Realizarea unui scurt film de promovare a conceptului de \u00eengrijiri la domiciliu adresate v\u00e2rstnicilor<\/p>\n","protected":false},"excerpt":{"rendered":"<p>&#8222;SenioriNET &#8211; Re\u0163ea ONG de servicii dedicate persoanelor v\u00e2rstnice&#8221; Site  [&#8230;]<\/p>\n","protected":false},"author":1,"featured_media":0,"parent":29,"menu_order":0,"comment_status":"open","ping_status":"open","template":"","meta":{"_monsterinsights_skip_tracking":false,"_monsterinsights_sitenote_active":false,"_monsterinsights_sitenote_note":"","_monsterinsights_sitenote_category":0,"footnotes":""},"class_list":["post-179","page","type-page","status-publish","hentry"],"_links":{"self":[{"href":"https:\/\/www.habilitas.ro\/index.php\/wp-json\/wp\/v2\/pages\/179","targetHints":{"allow":["GET"]}}],"collection":[{"href":"https:\/\/www.habilitas.ro\/index.php\/wp-json\/wp\/v2\/pages"}],"about":[{"href":"https:\/\/www.habilitas.ro\/index.php\/wp-json\/wp\/v2\/types\/page"}],"author":[{"embeddable":true,"href":"https:\/\/www.habilitas.ro\/index.php\/wp-json\/wp\/v2\/users\/1"}],"replies":[{"embeddable":true,"href":"https:\/\/www.habilitas.ro\/index.php\/wp-json\/wp\/v2\/comments?post=179"}],"version-history":[{"count":7,"href":"https:\/\/www.habilitas.ro\/index.php\/wp-json\/wp\/v2\/pages\/179\/revisions"}],"predecessor-version":[{"id":484,"href":"https:\/\/www.habilitas.ro\/index.php\/wp-json\/wp\/v2\/pages\/179\/revisions\/484"}],"up":[{"embeddable":true,"href":"https:\/\/www.habilitas.ro\/index.php\/wp-json\/wp\/v2\/pages\/29"}],"wp:attachment":[{"href":"https:\/\/www.habilitas.ro\/index.php\/wp-json\/wp\/v2\/media?parent=179"}],"curies":[{"name":"wp","href":"https:\/\/api.w.org\/{rel}","templated":true}]}}