{"id":1709,"date":"2020-06-25T07:15:30","date_gmt":"2020-06-25T07:15:30","guid":{"rendered":"https:\/\/www.habilitas.ro\/?page_id=1709"},"modified":"2020-06-25T07:21:50","modified_gmt":"2020-06-25T07:21:50","slug":"paths-of-cooperation","status":"publish","type":"page","link":"https:\/\/www.habilitas.ro\/index.php\/en\/ongoing-projects\/paths-of-cooperation\/","title":{"rendered":"Paths of cooperation"},"content":{"rendered":"\n<p>The project \u201ePaths of cooperation \u2013 support for entities implementing international cooperation\u201d is a grant project supporting Polish organisations and consists in the awarding support beneficiaries of projects co-financed from the European Social Fund, regardless of the operational program in which they implement standard designs . The goal of the project is to develop and implement 210 solutions that, thanks and in international cooperation, will allow institutions participating in the project, to improve and create new opportunities to respond to problems in the field of professional activation, lifelong learning, creation and implementation of public policies (or other specific areas covered by thematic objectives 8-11 ESF). International cooperation is supposed to\u00a0 help institutions to get new perspectives, enrich their knowledge and skills and use partner\u2019s experience.<\/p>\n\n\n\n<p>The project is coordinated by Fundacj\u0119 Fundusz Wsp\u00f3\u0142pracy (FFW) (Poland), having as partners Asociatia Habilitas \u2013 Centru de Resurse si Formare Profesionala (Romania), Fondazione Democenter-Sipe (Italy) and Stichting Bussiness Development Friesland (Netherlands).<\/p>\n\n\n\n<p><strong>Profits from\ninternational cooperations<\/strong><\/p>\n\n\n\n<p>Apart from financial support (grants up to PLN 100,000), the project provides for a number of activities supporting the beneficiaries of ESF projects before joining grant competition, during the implementation of international projects and after their completion. The project approaches the subject in an innovative way -international cooperation, placing great emphasis on animation and incubation activities of new projects as well as support throughout the implementation period grant for the dissemination and networking of all grant recipients, including through the construction of a special network of project beneficiaries of international cooperation in the field of the ESF. This network, strengthened by cross-referencing seminars and a special database of projects and grant recipients will allow for project durability \u00a0and establishing new partnerships to implement, among others international projects in the future.<\/p>\n\n\n\n<p>An important aspect of the \u201ePaths of cooperation \u2026\u201d project is to involve foreign partners with vast experience in cooperation, establishing partnerships and implementation of international projects. The partners will share their experience and help in the process of foreign partner selection to projects, as well as building a strong network of beneficiaries of international projects<\/p>\n\n\n\n<p><strong>Stages of\nproject<\/strong><\/p>\n\n\n\n<p>The Leader recruits the\u00a0 participants\u00a0 ( organizations\u00a0 carrying out national projects financed from ESF) and prepares them to add the international cooperation component to their\u00a0 projects. Then there is a call for proposals and grants for international\u00a0cooperation component are awarded to the best applications. Altogether over 3 years\u00a0 210organisations will be awarded with grants up to 100,000 PLN each.<\/p>\n\n\n\n<p><strong>There are many\nways and possibilities of developing the international cooperation and working\non solution, e.g.:<\/strong><\/p>\n\n\n\n<ul class=\"wp-block-list\"><li>consultations, staff exchange,      internships and study visits;<\/li><li>transfer of good practices between      partners;<\/li><li>research and analytical      activities;<\/li><li>preparation, translation and      publication of studies and reports;<\/li><li>international workshops and online      training seminars;<\/li><li>testing innovative solutions;<\/li><li>organization of conferences,      seminars, workshops and meetings;<\/li><li>developing and conducting training      and other forms of formal or non-formal learning;<\/li><li>developing tools and methods;<\/li><li>development of programs \/ models increasing access to employment or activating disadvantaged people on the      labor market, e.g. the unemployed, NEETs, 50+, women, the disabled and      others.<\/li><\/ul>\n\n\n\n<p>Beneficiaries of the grants are obligated to adopt the result of implementation and international cooperation.<\/p>\n\n\n\n<p>The project website is: https:\/\/www.sciezkiwspolpracy.pl\/paths-of-cooperation\/<\/p>\n","protected":false},"excerpt":{"rendered":"<p>The project \u201ePaths of cooperation \u2013 support for entities implementing  [&#8230;]<\/p>\n","protected":false},"author":1,"featured_media":0,"parent":162,"menu_order":0,"comment_status":"closed","ping_status":"closed","template":"","meta":{"_monsterinsights_skip_tracking":false,"_monsterinsights_sitenote_active":false,"_monsterinsights_sitenote_note":"","_monsterinsights_sitenote_category":0,"footnotes":""},"class_list":["post-1709","page","type-page","status-publish","hentry"],"_links":{"self":[{"href":"https:\/\/www.habilitas.ro\/index.php\/wp-json\/wp\/v2\/pages\/1709","targetHints":{"allow":["GET"]}}],"collection":[{"href":"https:\/\/www.habilitas.ro\/index.php\/wp-json\/wp\/v2\/pages"}],"about":[{"href":"https:\/\/www.habilitas.ro\/index.php\/wp-json\/wp\/v2\/types\/page"}],"author":[{"embeddable":true,"href":"https:\/\/www.habilitas.ro\/index.php\/wp-json\/wp\/v2\/users\/1"}],"replies":[{"embeddable":true,"href":"https:\/\/www.habilitas.ro\/index.php\/wp-json\/wp\/v2\/comments?post=1709"}],"version-history":[{"count":2,"href":"https:\/\/www.habilitas.ro\/index.php\/wp-json\/wp\/v2\/pages\/1709\/revisions"}],"predecessor-version":[{"id":1713,"href":"https:\/\/www.habilitas.ro\/index.php\/wp-json\/wp\/v2\/pages\/1709\/revisions\/1713"}],"up":[{"embeddable":true,"href":"https:\/\/www.habilitas.ro\/index.php\/wp-json\/wp\/v2\/pages\/162"}],"wp:attachment":[{"href":"https:\/\/www.habilitas.ro\/index.php\/wp-json\/wp\/v2\/media?parent=1709"}],"curies":[{"name":"wp","href":"https:\/\/api.w.org\/{rel}","templated":true}]}}